{"version":"1.0","provider_name":"Ill\u00fazi\u00f3","provider_url":"https:\/\/illuzio.cafeblog.hu","author_name":"M\u00e1zli","author_url":"https:\/\/illuzio.cafeblog.hu\/author\/gini-papp\/","title":"Rend\u0151rs\u00e9gi jegyz\u0151k\u00f6nyvek, megr\u00edkatnak!","html":"<p><strong>\u201eA helysz\u00ednen meg\u00e1llap\u00edt\u00e1st nyert, hogy a fent nevezett szem\u00e9ly a birtok\u00e1ban l\u00e9v\u0151 l\u0151szereket sz\u00e9tszerelte, azzal j\u00e1tszott, melynek sor\u00e1n az a kez\u00e9ben elm\u0171k\u00f6d\u00f6tt!\u201d<\/strong><\/p>\r\n<p><strong>\u201cAz elk\u00f6vet\u0151 v\u00e9kony, csenev\u00e9sz volt, legink\u00e1bb az \u201citi\u201d figur\u00e1j\u00e1ra eml\u00e9keztetett.\u201d<\/strong><\/p>\r\n<p><strong>\u201eN\u00e9gyen voltak: h\u00e1rom rend\u00e9sz \u00e9s k\u00e9t n\u00e9met juh\u00e1sz kutya.\u201d<\/strong><\/p>\r\n<p><strong>Gyan\u00fas\u00edtotti jegyz\u0151k\u00f6nyvb\u00f5l: \u201cLevittem az alagsorba \u00e9s meghomoszexu\u00e1ltam, amit \u00e9reztem ir\u00e1nta.\u201d<\/strong><\/p>\r\n<p><strong>\u201cNevezett n\u0151szem\u00e9ly meg\u00e9rkez\u00e9s\u00fcnkkor csak a felsz\u00f3l\u00edt\u00e1somra volt hajland\u00f3 a szokny\u00e1ja al\u00e1, a l\u00e1ba k\u00f6z\u00e9 er\u0151s\u00edtett nagym\u00e9ret\u0171 szatyorb\u00f3l el\u0151adni az eltulajdon\u00edtott 3\u00d750 dkg Karav\u00e1n k\u00e1v\u00e9t.\u201d<\/strong><\/p>\r\n<p><strong>\u201eFelsz\u00f3l\u00edt\u00e1somra azt v\u00e1laszolta, hogy azt csin\u00e1l, amit akar, majd szokny\u00e1j\u00e1t felkapta \u00e9s hirtelen lekuporodva \u00fajra a l\u00e9pcs\u0151re folyatta. A szab\u00e1lys\u00e9rt\u00e9s t\u00e9nye t\u00f6bb m\u00e9ter hosszan csordog\u00e1lt.\u201d<\/strong><\/p>\r\n<p><strong>\u201cA t\u00e1rsadalmi tulajdont s\u00e9rt\u0151 b\u0171ncselekm\u00e9nyek sz\u00e1ma az ut\u00f3bbi \u00f6t \u00e9vben hull\u00e1mz\u00f3an stagn\u00e1lt, a trend lefel\u00e9 mutat.\u201d<\/strong><\/p>\r\n<p><strong>\u201cVereked\u00e9shez mentem ki, ahol a vereked\u00f5 elk\u00fcld\u00f6tt melegebb \u00e9ghajlatra. \u00c9n elmentem, majd m\u00e1sodmagammal visszat\u00e9rtem.\u201d<\/strong><\/p>\r\n<p><a href=\"https:\/\/illuzio.cafeblog.hu\/files\/2016\/01\/rend.jpg\"><img class=\"wp-image-7367 size-large aligncenter\" src=\"https:\/\/illuzio.cafeblog.hu\/files\/2016\/01\/rend-600x399.jpg\" alt=\"rend\" width=\"600\" height=\"399\" \/><\/a><\/p>\r\n<p><strong>\u201cTetten \u00e9rtem, amint a padon fekve csavargott.\u201d<\/strong><\/p>\r\n<p><strong>K\u00e1rbecsl\u0151 \u00e1ll\u00e1spontj\u00e1r\u00f3l \u00edr a rend\u0151r: \u201cH\u00e1tulr\u00f3l megnyomt\u00e1k az asszonyt Paksn\u00e1l.\u201d<\/strong><\/p>\r\n<p><strong>\u201eA t\u00f3soki Dob\u00f3 Katica utc\u00e1ban lesz\u00e1ll\u00edtott biciklis ember legudvariasabb cselekedete az volt, hogy nem vert meg.\u201d<\/strong><\/p>\r\n<p><strong>\u201eA hull\u00e1n a gaty\u00e1j\u00e1n k\u00edv\u00fcl semmi szem\u00e9lyazonoss\u00e1gi igazolv\u00e1ny nem volt.\u201d<\/strong><\/p>\r\n<p><strong>\u201cA helysz\u00ednen a bizotts\u00e1g egy emberi b\u00e9ls\u00e1rral szennyezett gaty\u00e1t tal\u00e1lt. Val\u00f3j\u00e1ban szaros gatya.\u201d<\/strong><\/p>\r\n<p><strong>\u201c\u00c9szrevettem, hogy egy ember h\u00edmvesszej\u00e9vel szennyezi a k\u00f6rnyezetet. Fel\u00e9m fordult, \u00e9s m\u00edg h\u00edmvessz\u00f5j\u00e9t l\u00f3b\u00e1lta, felsz\u00f3l\u00edtottam a cselekm\u00e9ny abbahagy\u00e1s\u00e1ra, erre nyomat\u00e9kosan felsz\u00f3l\u00edtott az any\u00e1mmal val\u00f3 k\u00f6z\u00f6s\u00fcl\u00e9sre. K\u00e9rem a l\u00f3b\u00e1l\u00e1st s\u00falyosb\u00edt\u00f3k\u00e9nt figyelembe venni.\u201d<\/strong><\/p>\r\n<p><strong><a href=\"https:\/\/illuzio.cafeblog.hu\/2015\/02\/10\/masnapos-sms-esek-olyanoktol-akik-felszerzetre-ittak-magukat\/\" target=\"_blank\">Kattints IDE \u00e9s n\u00e9zd meg a m\u00e1snapos SMS-eseket olyanokt\u00f3l, akik f\u00e9lszerzetre itt\u00e1k magukat!<\/a><\/strong><\/p>\r\n<p><a href=\"https:\/\/illuzio.cafeblog.hu\/files\/2016\/01\/rend1.jpg\"><img class=\"aligncenter wp-image-7368 size-full\" src=\"https:\/\/illuzio.cafeblog.hu\/files\/2016\/01\/rend1.jpg\" alt=\"rend\" width=\"400\" height=\"518\" \/><\/a><\/p>\r\n<p><strong>\u201e\u00c9s akkor bej\u00f6tt az irod\u00e1ba k\u00e9t n\u0151i h\u00f6lgy.\u201d<\/strong><\/p>\r\n<p><strong>\u201eA feljelent\u0151 szerint bevitt\u00e9k a nudist\u00e1kat a rend\u0151rs\u00e9gre, ahol megruh\u00e1zt\u00e1k \u0151ket.\u201d<\/strong><\/p>\r\n<p><strong>\u201eA f\u00e9rj egy idegen n\u0151vel ment a kocsij\u00e1n, karambolozott. A helysz\u00ednen megjelent a feles\u00e9g is. Mondta a rend\u0151rnek, hogy a f\u00e9rj\u00e9nek nincs s\u00e9r\u00fcl\u00e9se, de otthon majd lesz.\u201d<\/strong><\/p>\r\n<p><strong>\u201eV\u00e9res volt az eg\u00e9sz kult\u00farh\u00e1z. L\u00e1tszott, hogy nem \u00edr\u00f3-olvas\u00f3 tal\u00e1lkoz\u00f3 volt el\u0151tte.\u201d<\/strong><\/p>\r\n<p><strong>\u201eGyan\u00fas\u00edtott a hus\u00e1ng felemel\u00e9se \u00e1ltal elk\u00f6vette a hat\u00f3s\u00e1gi k\u00f6zeg elleni er\u0151szak k\u00eds\u00e9rlet\u00e9nek v\u00e9ts\u00e9g\u00e9t, tekintetbe v\u00e9ve, hogy a hivatalos sapka k\u00e9ts\u00e9gk\u00edv\u00fcl az int\u00e9zked\u0151 k\u00f6zeg fej\u00e9n helyezkedett el. Mindazon\u00e1ltal a helyzet gumibot \u00fatj\u00e1n megnyugtat\u00f3an rendez\u00e9sre ker\u00fclt.\u201d<\/strong><\/p>\r\n<p><strong>\u201eA gyan\u00fas\u00edtott g\u00e9pkocsij\u00e1val Ajka belter\u00fclet\u00e9n el\u00fct\u00f6tte a vele azonos ir\u00e1nyban halad\u00f3 ismeretlen szem\u00e9ly \u00e1ltal hajtott ker\u00e9kp\u00e1rost.\u201d<\/strong><\/p>\r\n<p><strong>\u201eAz esti \u00f3r\u00e1kban ismeretlen tettes felgy\u00fajtott egy utcai k\u00f6nyvesboltot. A k\u00e1r nem haladta meg a hasznot.\u201d<\/strong><\/p>\r\n<p><strong><a href=\"https:\/\/zacc.cafeblog.hu\/2014\/10\/29\/vallalhatatlan-rendor-fotok-nincs-magyarazat-rajuk-kepsorozat\/\" target=\"_blank\">A v\u00e1llalhatatlan rend\u0151r fot\u00f3kat ki ne hagyd!<\/a><\/strong><\/p>\r\n<p>K\u00f6zreadta: Gini Papp \u2013 Ill\u00fazi\u00f3<br \/>Forr\u00e1s:\u00a0email k\u00f6rlev\u00e9l<\/p>","type":"rich","thumbnail_url":"https:\/\/illuzio.cafeblog.hu\/files\/2016\/01\/rend-150x150.jpg","thumbnail_width":150,"thumbnail_height":150}

Illúzió

Mázli

Rendőrségi jegyzőkönyvek, megríkatnak!

<p><strong>„A helyszínen megállapítást nyert, hogy a fent nevezett személy a birtokában lévő lőszereket szétszerelte, azzal játszott, melynek során az a kezében elműködött!”</strong></p>
<p><strong>“Az elkövető vékony, csenevész volt, leginkább az “iti” figurájára emlékeztetett.”</strong></p>
<p><strong>„Négyen voltak: három rendész és két német juhász kutya.”</strong></p>
<p><strong>Gyanúsítotti jegyzőkönyvbõl: “Levittem az alagsorba és meghomoszexuáltam, amit éreztem iránta.”</strong></p>
<p><strong>“Nevezett nőszemély megérkezésünkkor csak a felszólításomra volt hajlandó a szoknyája alá, a lába közé erősített nagyméretű szatyorból előadni az eltulajdonított 3×50 dkg Karaván kávét.”</strong></p>
<p><strong>„Felszólításomra azt válaszolta, hogy azt csinál, amit akar, majd szoknyáját felkapta és hirtelen lekuporodva újra a lépcsőre folyatta. A szabálysértés ténye több méter hosszan csordogált.”</strong></p>
<p><strong>“A társadalmi tulajdont sértő bűncselekmények száma az utóbbi öt évben hullámzóan stagnált, a trend lefelé mutat.”</strong></p>
<p><strong>“Verekedéshez mentem ki, ahol a verekedõ elküldött melegebb éghajlatra. Én elmentem, majd másodmagammal visszatértem.”</strong></p>
<p><a href="https://illuzio.cafeblog.hu/files/2016/01/rend.jpg"><img class="wp-image-7367 size-large aligncenter" src="https://illuzio.cafeblog.hu/files/2016/01/rend-600x399.jpg" alt="rend" width="600" height="399" /></a></p>
<p><strong>“Tetten értem, amint a padon fekve csavargott.”</strong></p>
<p><strong>Kárbecslő álláspontjáról ír a rendőr: “Hátulról megnyomták az asszonyt Paksnál.”</strong></p>
<p><strong>„A tósoki Dobó Katica utcában leszállított biciklis ember legudvariasabb cselekedete az volt, hogy nem vert meg.”</strong></p>
<p><strong>„A hullán a gatyáján kívül semmi személyazonossági igazolvány nem volt.”</strong></p>
<p><strong>“A helyszínen a bizottság egy emberi bélsárral szennyezett gatyát talált. Valójában szaros gatya.”</strong></p>
<p><strong>“Észrevettem, hogy egy ember hímvesszejével szennyezi a környezetet. Felém fordult, és míg hímvesszõjét lóbálta, felszólítottam a cselekmény abbahagyására, erre nyomatékosan felszólított az anyámmal való közösülésre. Kérem a lóbálást súlyosbítóként figyelembe venni.”</strong></p>
<p><strong><a href="https://illuzio.cafeblog.hu/2015/02/10/masnapos-sms-esek-olyanoktol-akik-felszerzetre-ittak-magukat/" target="_blank">Kattints IDE és nézd meg a másnapos SMS-eseket olyanoktól, akik félszerzetre itták magukat!</a></strong></p>
<p><a href="https://illuzio.cafeblog.hu/files/2016/01/rend1.jpg"><img class="aligncenter wp-image-7368 size-full" src="https://illuzio.cafeblog.hu/files/2016/01/rend1.jpg" alt="rend" width="400" height="518" /></a></p>
<p><strong>„És akkor bejött az irodába két női hölgy.”</strong></p>
<p><strong>„A feljelentő szerint bevitték a nudistákat a rendőrségre, ahol megruházták őket.”</strong></p>
<p><strong>„A férj egy idegen nővel ment a kocsiján, karambolozott. A helyszínen megjelent a feleség is. Mondta a rendőrnek, hogy a férjének nincs sérülése, de otthon majd lesz.”</strong></p>
<p><strong>„Véres volt az egész kultúrház. Látszott, hogy nem író-olvasó találkozó volt előtte.”</strong></p>
<p><strong>„Gyanúsított a husáng felemelése által elkövette a hatósági közeg elleni erőszak kísérletének vétségét, tekintetbe véve, hogy a hivatalos sapka kétségkívül az intézkedő közeg fején helyezkedett el. Mindazonáltal a helyzet gumibot útján megnyugtatóan rendezésre került.”</strong></p>
<p><strong>„A gyanúsított gépkocsijával Ajka belterületén elütötte a vele azonos irányban haladó ismeretlen személy által hajtott kerékpárost.”</strong></p>
<p><strong>„Az esti órákban ismeretlen tettes felgyújtott egy utcai könyvesboltot. A kár nem haladta meg a hasznot.”</strong></p>
<p><strong><a href="https://zacc.cafeblog.hu/2014/10/29/vallalhatatlan-rendor-fotok-nincs-magyarazat-rajuk-kepsorozat/" target="_blank">A vállalhatatlan rendőr fotókat ki ne hagyd!</a></strong></p>
<p>Közreadta: Gini Papp – Illúzió<br />Forrás: email körlevél</p>
